n base 12, what is a5 + 1a?
103
In base 16, what is 2 + 46?
48
In base 4, what is -1131 + -2?
-1133
In base 9, what is 260 + -60?
200
In base 4, what is 0 - -331?
331
In base 5, what is 1 + 101?
102
In base 9, what is 2 + -5?
-3
In base 8, what is 2 - -1721?
1723
In base 9, what is 26 + -45?
-18
In base 8, what is 5 - -136?
143
In base 14, what is 6b + -1?
6a
In base 13, what is 5 - 1582?
-157a
In base 15, what is 17 + 30?
47
In base 14, what is 3 + 32?
35
In base 16, what is 1d9 + 2?
1db
In base 8, what is -155 - -32?
-123
In base 3, what is 11 + -120?
-102
In base 3, what is -20112 - 1?
-20120
In base 14, what is 18 - 4?
14
In base 16, what is 4 - 11?
-d
In base 12, what is 5 + 263?
268
In base 9, what is -75 - -15?
-60
In base 10, what is -80 - 14?
-94
In base 16, what is 19f6 - 5?
19f1
In base 10, what is 3 - 1038?
-1035
In base 13, what is -157 + -5?
-15c
In base 4, what is 13003 - -102?
13111
In base 9, what is 650 + 3?
653
In base 8, what is -34 - 107?
-143
In base 9, what is 7 + -2?
5
In base 2, what is -1101 + 101111?
100010
In base 2, what is 1001001111100 - 100?
1001001111000
In base 5, what is 211404 + -1?
211403
In base 8, what is 2 - 1002?
-1000
In base 10, what is 1896 + 3?
1899
In base 4, what is -2 + -1113?
-1121
In base 5, what is -2 + -1234?
-1241
In base 12, what is 19 + -1?
18
In base 8, what is -10541 - 2?
-10543
In base 3, what is 2011101 + -12?
2011012
In base 12, what is 3aab + 2?
3ab1
In base 14, what is -4 + c?
8
In base 7, what is 423 - 2?
421
In base 12, what is -4 - -53?
4b
In base 7, what is 224 + -101?
123
In base 16, what is 2 + c?
e
In base 11, what is 22 - 13?
a
In base 7, what is -6 + -10?
-16
In base 16, what is -8cd - 5?
-8d2
In base 3, what is 2212 + -11012?
-1100
In base 7, what is 15200 + 1?
15201
In base 12, what is 158 - -4?
160
In base 11, what is -4 + -65?
-69
In base 15, what is -5 - c4?
-c9
In base 5, what is 0 + -4141?
-4141
In base 4, what is 3 + 31212?
31221
In base 8, what is 0 + 24?
24
In base 5, what is 314 + -112?
202
In base 9, what is 52 - -3?
55
In base 5, what is -101 + 114?
13
In base 9, what is 108 - -1?
110
In base 11, what is -343 - 5?
-348
In base 4, what is -3 - 302203?
-302212
In base 6, what is 5 + -150?
-141
In base 2, what is 1000 + -1110?
-110
In base 5, what is -2233 - -10?
-2223
In base 16, what is -1 + -2d?
-2e
In base 16, what is -12 + 1?
-11
In base 16, what is 6 + -b6?
-b0
In base 2, what is 100000 - 1?
11111
In base 5, what is 241 - 0?
241
In base 13, what is -b - -71?
63
In base 14, what is 50 - -4?
54
In base 15, what is 2 + -1?
1
In base 15, what is -1 - b5?
-b6
In base 6, what is -214325 + -2?
-214331
In base 7, what is 1031 + -5?
1023
In base 9, what is 2368 + 0?
2368
In base 15, what is 1 - -72?
73
In base 3, what is 2 - 1121011?
-1121002
In base 4, what is 22330 + 2?
22332
In base 7, what is 242 + 4?
246
In base 15, what is 13 - 34b?
-338
In base 11, what is 42 - -28?
6a
In base 4, what is 0 - -32?
32
In base 10, what is 1 - 50?
-49
In base 11, what is -6 + -79?
-84
In base 12, what is -1 - 15?
-16
In base 11, what is -3 + -1953?
-1956
In base 15, what is 93 + 4?
97
In base 14, what is a + d1?
db
In base 11, what is 2 - -12?
14
In base 9, what is 3738 + -2?
3736
In base 3, what is 2 - 1212210?
-1212201
In base 3, what is -10 - 221201?
-221211
In base 12, what is 1178 + 3?
117b
In base 11, what is 5 + -24?
-1a
In base 16, what is -1 - -43?
42
In base 3, what is 1222 - -1111?
10110
In base 10, what is 54 - 72?
-18
In base 15, what is 7 + -12?
-a
In base 6, what is 11444 - -5?
11453
In base 5, what is 1 - -20?
21
In base 12, what is -2033 + 5?
-202a
In base 12, what is 3a9 - 0?
3a9
In base 8, what is -2130 - -4?
-2124
In base 5, what is 3 - 114?
-111
In base 5, what is 32 - -433?
1020
In base 14, what is 1c3 - 6?
1bb
In base 2, what is -1 - -11011100000?
11011011111
In base 2, what is 110110 - 1111?
100111
In base 9, what is -2431 - 4?
-2435
In base 9, what is 3 + 185?
188
In base 8, what is 3 + -302?
-277
In base 2, what is 111110 - -101?
1000011
In base 8, what is 12 + -30?
-16
In base 16, what is 6 + -6?
0
In base 4, what is -11 + -3000?
-3011
In base 10, what is -2069 + 1?
-2068
In base 16, what is 1 + -dd9?
-dd8
In base 3, what is 10000 + 11?
10011
In base 6, what is -1 - 333?
-334
In base 16, what is f4 - -6?
fa
In base 3, what is 11021 + -12?
11002
In base 7, what is 20 + -2110?
-2060
In base 15, what is 4 - -49?
4d
In base 4, what is 102002 - 11?
101331
In base 12, what is 0 + -76?
-76
In base 8, what is -12 + 5013?
5001
In base 5, what is 3 - -3312?
3320
In base 2, what is -100000011 + -1?
-100000100
In base 6, what is 3 - 1432?
-1425
In base 14, what is 3 - -9?
c
In base 10, what is 807 + 1?
808
In base 6, what is 200 + 11?
211
In base 12, what is -1 - -154b?
154a
In base 6, what is -2 + 2145?
2143
In base 16, what is -2 + 485?
483
In base 11, what is 2 - 277?
-275
In base 3, what is 1 - -110001?
110002
In base 11, what is -66 + -37?
-a2
In base 14, what is 3a + 3?
3d
In base 12, what is 0 + 144?
144
In base 9, what is 6 + -2040?
-2033
In base 5, what is 231 - -143?
424
In base 5, what is 2102 - -2?
2104
In base 15, what is d - 18?
-a
In base 3, what is 22 + 10001?
10100
In base 16, what is -5 + -b?
-10
In base 8, what is -101 + 133?
32
In base 8, what is 4 - -73?
77
In base 6, what is 3312 - 5?
3303
In base 14, what is 1 - 0?
1
In base 11, what is 0 + -246?
-246
In base 13, what is -5 - 28?
-30
In base 14, what is d0 + -5?
c9
In base 14, what is 75 - 5?
70
In base 12, what is 288 - -4?
290
In base 12, what is -27 - 24?
-4b
In base 8, what is 157 + 5?
164
In base 9, what is -227 + 2?
-225
In base 14, what is -1dc + -5?
-203
In base 8, what is 1 - 554?
-553
In base 7, what is 545 - -1?
546
In base 5, what is 10 - 4212?
-4202
In base 2, what is -11 - 100100101101?
-100100110000
In base 15, what is -1 - -9?
8
In base 8, what is -737 - -4?
-733
In base 3, what is -222 - -22?
-200
In base 5, what is -343 + 1?
-342
In base 10, what is 720 + -8?
712
In base 8, what is 2 + 301?
303
In base 10, what is 0 - -50?
50
In base 7, what is 61466 - -1?
61500
In base 11, what is -3 - -1a6?
1a3
In base 15, what is -4 + 83?
7e
In base 7, what is -65 + -111?
-206
In base 16, what is -13 - 0?
-13
In base 8, what is -106 + 3?
-103
In base 14, what is 0 + -7db?
-7db
In base 3, what is 1012222 - 110?
1012112
In base 11, what is 1600 - -3?
1603
In base 7, what is -6123 + -3?
-6126
In base 12, what is 1 + -37?
-36
In base 5, what is 1001 + 13?
1014
In base 4, what is -33020 + -11?
-33031
In base 4, what is 11320 + 3?
11323
In base 11, what is 5 + -52?
-48
In base 2, what is 111 - 1001001101?
-1001000110
In base 5, what is 141 - 4?
132
In base 11, what is -67 + -11?
-78
In base 15, what is -59 - -8?
-51
In base 15, what is a3 + -33?
70
In base 16, what is a + 2c?
36
In base 15, what is -5d + -44?
-a2
In base 14, what is 2 - -534?
536
In base 10, what is -23 - 61?
-84
In base 15, what is -10 + 1?
-e
In base 10, what is -69 - 1?
-70
In base 16, what is 5 + 164?
169
In base 7, what is -126 + -3?
-132
In base 6, what is 445 - 0?
445
In base 13, what is 37 + -b?
29
In base 2, what is -11110111 + -11?
-11111010
In base 8, what is 4 + 16?
22
In base 5, what is 404002 - 0?
404002
In base 13, what is -a7 + 10c?
35
In base 11, what is 56 - -300?
356
In base 5, what is -2 - 102?
-104
In base 15, what is 13 - 4?
e
In base 10, what is -46 + -1?
-47
In base 14, what is 1d - 74?
-55
In base 11, what is -3471 + -4?
-3475
In base 7, what is 245 - 100?
145
In base 8, what is 0 - 126?
-126
In base 7, what is 3150 + -14?
3133
In base 8, what is 1503 + 3?
1506
In base 5, what is 33434 - 10?
33424
In base 4, what is -30 + -11?
-101
In base 14, what is -93 - -a?
-87
In base 14, what is -2b + -5?
-32
In base 5, what is 120 - -34?
204
In base 13, what is -17 + -6?
-20
In base 14, what is -5 - 233?
-238
In base 4, what is 1300 + -203?
1031
In base 10, what is 1 + -114?
-113
In base 5, what is -32 + -12?
-44
In base 11, what is -480a + 0?
-480a
In base 2, what is -1000111 + -101?
-1001100
In base 15, what is 2 + 28?
2a
In base 2, what is 101 - 11011100?
-11010111
In base 6, what is -3 - -45?
42
In base 2, what is 101 + 10111000111?
10111001100
In base 16, what is -4 + -36?
-3a
In base 9, what is 5 + 585?